ine x(-9).
5
Let p(h) = 2*h**2 + 43*h - 81. Let i(b) = -b**2 - 117*b - 23. Let n be i(-117). Calculate p(n).
-12
Let n(t) be the third derivative of t**6/120 - 7*t**5/60 + t**4/4 + t**3 - 8*t**2. Suppose 12*m - 42 = 5*m. What is n(m)?
6
Let x(c) be the second derivative of -c**5/20 + 3*c**4/4 - 2*c**3/3 + 15*c**2 - 480*c + 3. What is x(9)?
-6
Let s(x) = -x**3 - 7*x**2 - 2*x + 2. Let m(o) = o + 1. Let b(l) = 4*m(l) - s(l). Let c = -572 + 568. Give b(c).
26
Let r be (-3735)/(-498)*(-2)/3. Let x(n) = -13*n + 15. Determine x(r).
80
Suppose 3*o + 2*y = 16, 13*o - 14*o = -4*y + 4. Suppose -5*a + 3*q = -40, o*a - 8*q - 35 = -5*q. Let k(d) = 2*d - 9. Calculate k(a).
1
Let w(f) = -9 - 3*f + 76 + 9 + 21 + 7. Determine w(35).
-1
Let l(p) = -p**3 - 10*p**2 - 9*p - 4. Suppose 3*y + 2640 = 19*y. Let d = 156 - y. What is l(d)?
-4
Suppose 166*l = -87*l - 40*l - 879. Let r(q) = 7*q**2 - 9*q - 15. Calculate r(l).
75
Let i(l) = 0*l + 182242 - l - 182228. Let j be (-1)/1*1 - -1. Suppose -2*p = 5*k - j*p - 45, 3*k - 38 = p. What is i(k)?
3
Let w(q) = 4*q**3 - 2*q**2 + 1. Suppose 0 = 4*c - 4*t - 424, 134 = 2*c - 4*t - 86. Suppose -333 + c = -3*f. Let x = f + -78. Determine w(x).
-5
Let b(r) = -r**2 - 12*r + 57. Let x(k) = -k**2 - 11*k + 53. Let w(i) = 5*b(i) - 6*x(i). What is w(-8)?
-17
Let m(f) be the first derivative of 5/2*f**2 + 1/3*f**3 - 8*f - 26. Let r = -27 - -21. Give m(r).
-2
Let k(r) = -r**2 + 17*r - 5. Let x be k(16). Let w(v) = -12 - x - 5*v + 8 + 8 + 3. Give w(-2).
6
Let i(q) = 2*q**3 - 7*q**2 + 7*q - 60. Let d(p) = 2*p**3 - 5*p**2 + 6*p - 48. Let f(r) = -5*d(r) + 4*i(r). Calculate f(-2).
8
Let z(b) = 11*b**2 - 66*b - 22. Let x(h) = -32*h**2 + 197*h + 61. Let g(y) = 6*x(y) + 17*z(y). Give g(12).
-8
Suppose -7 + 46 = -13*x. Let y be 5 - 2 - (-2 + 3). Let u(w) = 44 + 4*w - 20 - 22 + 0*w + y*w**2. Give u(x).
8
Suppose 106*j - 30*j = -152. Let x(l) be the second derivative of 10*l + 1/2*l**2 + 0 + 1/6*l**3. Calculate x(j).
-1
Let w(k) = 42*k + 550. Suppose -94 - 397 = 128*b + 1173. Calculate w(b).
4
Let u(x) be the first derivative of x**5/120 + 11*x**4/24 - 14*x**3/3 - 6. Let m(t) be the third derivative of u(t). Calculate m(-9).
2
Let b(r) = -7*r**2 + 1. Let h(n) = 34*n**2 - 3*n + 14. Let q(v) = 5*b(v) + h(v). Calculate q(-6).
1
Let l be (-87)/4*(-168)/126. Suppose -5 = 17*o + l. Let u(m) = -m**2 - m + 2. Calculate u(o).
0
Let i(l) be the second derivative of -l**3/2 - 25*l**2/2 - 6*l - 2. Let m(k) = -2*k - 17. Let s(h) = 5*i(h) - 7*m(h). Calculate s(-5).
-1
Let n(h) be the second derivative of h**4/12 - 8*h**3/3 - 7*h**2/2 + 82*h - 7. Determine n(17).
10
Let g(w) be the third derivative of -w**5/60 + 3*w**3/2 + 2123*w**2. Determine g(3).
0
Let y(b) = -b**3 + 5*b**2 + 6*b + 4. Let r be y(6). Suppose 0 = -v + 2*l + 55, -l = -5*v - 65 + 322. Let z(p) = -3 + 23*p + 34*p - p**2 - v*p. Determine z(r).
5
Let k(j) be the third derivative of j**5/30 - 11*j**4/8 + 3*j**3 - 1685*j**2. Give k(16).
2
Let d(g) be the third derivative of 5*g**4/6 + 10*g**3 - 1132*g**2. Determine d(-3).
0
Let w = -126 + 134. Suppose -12 = -w*r + 14*r. Let g(o) = -3*o**2 + 5*o - 2. Let m(q) = -4*q**2 + 6*q - 2. Let u(f) = -6*g(f) + 5*m(f). Determine u(r).
-6
Suppose 0*c + c = -k - 4, c = -3*k - 8. Let r be 3 - 7 - (-3 + k). Let d(s) = -333*s**3 + 0*s**2 + 340*s**3 + s - 2*s**2. What is d(r)?
6
Let c(k) = 2*k**3 - 22*k**2 + k + 9. Let z(v) = -v**3 + 11*v**2 - v - 4. Suppose -608*n = -607*n - 13. Let b(f) = n*z(f) + 6*c(f). What is b(10)?
32
Let y(u) = 20*u**2 + 28*u**2 + 24*u**2 - 12 - 68*u**2 - 55*u. Let z be y(14). Let q(m) = -13*m + 2. Determine q(z).
-24
Let b(c) = 0 - 3 - 2*c + 2 + 4. Let l(j) = j**2 - 18*j + 20. Let v be l(17). What is b(v)?
-3
Suppose 5*j = -2*j + 56. Suppose 4*x + 5*c - 45 = 0, 6*x = 2*x + 3*c + 5. Let s(t) = 2*t**2 + 12 - 10 - 3*t**2 + 9*t - x. Give s(j).
5
Let w(b) = b**3 - 2*b**2 - 2*b + 9. Let v be w(-2). Let s(m) be the third derivative of m**5/60 + m**4/4 + m**3/6 + 73*m**2. Give s(v).
-8
Let h(g) = -4*g**3 - g**2 - g. Suppose 3*b = 3*m + 6, 44*b + 2*m + 18 = 39*b. Determine h(b).
30
Let t(z) = z**2 - 8*z - 9. Let j be 11/(-13) + 0 + 658/(-4277). What is t(j)?
0
Let h(d) = -d**2 + 3*d + 14. Let o be h(-3). Let j(v) = v**2 + 5*v + 10. Give j(o).
6
Let w = -1312 + 1318. Let f(i) = -i**3 + 7*i**2 - 10*i + 19. What is f(w)?
-5
Let b be 12 + -25 + -10 + 23. Let y(l) be the second derivative of 5/3*l**3 + 8*l - 1/2*l**2 + b. Give y(-1).
-11
Let o(s) = 11*s**3 + s**2 - s. Let j be 88 - 1/((-4)/(-12)). Suppose 160*f = 157*f + 252. Let b = j - f. Determine o(b).
11
Suppose 15 = -0*d + 3*d. Let n(r) = 7*r - 4. Let w(j) = -15*j + 9. Let k(f) = d*n(f) + 2*w(f). Suppose 0 = 73*c + 102 - 394. Calculate k(c).
18
Let v(f) be the second derivative of 0 + 44*f - 11/6*f**3 + 0*f**2. Let h = -6 + 5. Calculate v(h).
11
Let c(f) = -f**2 + 9*f + 24. Let y be c(11). Let m(l) be the second derivative of l**3/3 - 5*l**2/2 - 2075*l - 1. What is m(y)?
-1
Let t(v) = -6*v + 2. Let q(u) = -u**3 - 32*u**2 - 87*u - 6. Let g be q(-29). Determine t(g).
38
Let k(l) = 81*l**2 - 9*l + 3. Let r(m) = -82*m**2 + 10*m - 3. Let g(i) = -6*k(i) - 5*r(i). Determine g(1).
-75
Let j be 21/2*1/(35/10). Let q(u) be the first derivative of 1/3*u**j + 1/2*u**2 + 4 - 2*u. Give q(2).
4
Let x(n) = 90*n + 19. Let v(y) = -42*y - 10. Let i(s) = 7*v(s) + 3*x(s). Determine i(-3).
59
Let n(l) = -l**2 - 6*l - 5. Let q be n(-4). Let i = -8182 - -8209. Let d be i/15*15/q. Let t(r) = r + 3. Determine t(d).
12
Let i(v) = -3*v**2 + 104*v + 112. Let o(j) = -4*j**2 + 141*j + 151. Let z(g) = -15*i(g) + 11*o(g). Let a = 16 - 5. Calculate z(a).
3
Let y(g) = -56*g - 563. Let i be y(-10). Let x(c) = -c**3 - 6*c**2 + 2*c + 4. Calculate x(i).
-29
Let j(i) = 6*i - 116. Let f be j(13). Let n = -44 - f. Let k(s) = -s**2 - 6*s - 6. Give k(n).
-6
Suppose -5*k - 10 = f, 3*f - 3*k - 21 = -k. Let n(y) = -f*y + 2*y + 2 + y - 4. Suppose -6*l = 31 - 43. Give n(l).
-6
Let z be ((-1089)/(-12))/11 + (-22)/88. Let c(y) = 3*y**2 - 24*y + 9. Calculate c(z).
9
Suppose 2*u = 0, 15*l - 389 = 14*l - u. Suppose 381*i = l*i - 48. Let x(s) = 0 + 1 + s - s**2 + 6*s. Give x(i).
7
Let g(q) be the third derivative of q**5/60 + q**4/8 - 77*q**3/6 + 23*q**2 + 9. Give g(-10).
-7
Let z = -73 + 78. Let g(m) = m**3 - 2*m**2 + 2*m - 2. Let x be g(2). Let q(d) = z - d**x + 0 + 0 - 1 + d. Determine q(-3).
-8
Let d(a) be the second derivative of a**3 + 15*a**2/2 - 401*a - 1. What is d(-9)?
-39
Let w(q) be the second derivative of -3*q**4/2 - q**3/6 - q. Suppose -5*c - r = 0, 2*c + r - 7 + 4 = 0. Determine w(c).
-17
Suppose 6*h - 3 + 23 = -2*j, 4*j - 32 = 0. Let b(t) be the third derivative of t**5/60 + t**4/4 - 7*t**3/6 - t**2. What is b(h)?
-7
Let z(l) = -1 - 10*l**2 - 9*l**2 + 15 - 15*l**2 + 33*l**2. Calculate z(3).
5
Let u(v) = -5*v + 4. Suppose -6*m + m = 4*t - 40, 2*m - 4*t + 12 = 0. Suppose s - 15 = -m*s, 0 = -4*o - 3*s + 41. Suppose -13 = -d - o. Determine u(d).
-21
Suppose -4*j - 4*a + 8 = -8*a, 5*a + 31 = -2*j. Let c(x) be the third derivative of -x**5/20 - x**4/6 - x**3/6 - x**2. What is c(j)?
-16
Let k(b) be the second derivative of 5/6*b**3 + 25*b + 1/6*b**4 + 0 - 2*b**2. Calculate k(-4).
8
Let h(n) = -1 - 10*n + 2*n**2 + 7 - 3*n**2 - 1 + 7. What is h(-11)?
1
Let u(g) be the first derivative of 31 - 3/2*g**2 - 2*g. What is u(-2)?
4
Let o be ((-18)/(-42))/(-3) - 14340/21. Let t = -688 - o. Let a(m) = m**3 + 4*m**2 - 7*m. What is a(t)?
10
Let q(p) be the third derivative of -p**4/8 - 6*p**3 + 5*p**2 - 167*p. Determine q(-13).
3
Let l be 0*1/(1 + -2). Let g be -5*(-2)/(2 - l). Let v(w) be the first derivative of 2*w**3/3 - 3*w**2 + 2*w - 4240. Determine v(g).
22
Suppose 0 = 4*g + 38 - 34. Let l(s) = 12*s**2 + 5*s - 2. Let c(f) = 13*f**2 + 6*f - 3. Let a(j) = 3*c(j) - 4*l(j). Determine a(g).
-8
Suppose -4*b = 5*z - 426, -3*z + 9*b + 263 = 4*b. Let k(r) = -84*r**2 + 3*r + z*r**2 - 1 + 0 - 1. Determine k(4).
42
Suppose -l + 1 + 3 = 0. Let j be (-39)/52*(-40)/6. Let v(f) = -j*f + 1288 + 2*f - 1285. Give v(l).
-9
Let o(k) be the third derivative of k**4/24 + k**3 + k**2 + 5236. Let p(u) = 2*u**2 - 3*u. Let w be p(2). Suppose w*q = 4*q + 14. Determine o(q).
-1
Suppose 0 = -z + 2*r + 17, z + 109*r + 37 = 105*r. Let y(k) = -26*k**3 + 2*k**2 - k - 2. Calculate y(